tor of o and 8?
8
Suppose -q + 3 = -2*q. Let j be 321/3 - (q - -2). Calculate the highest common factor of j and 12.
12
Suppose 6*q - q - 55 = 0. Let c be 6/33 + 108/q. Suppose -6 = -3*o - 4*g + 4, 3*o + g = 25. What is the highest common divisor of c and o?
10
Let a(l) = -2*l + 10. Let y be a(8). Let f be -3 + y/3 + -16. Let q be 4/(-12)*(f + 0). What is the greatest common factor of 63 and q?
7
Let v be (2 + (-21)/6)*-4. Suppose -g + v*g = 80. Calculate the greatest common divisor of g and 4.
4
Suppose -6*h - 28 + 124 = 0. What is the greatest common factor of 80 and h?
16
Let s(b) = -b**2 - 3*b + 3. Let f be s(-4). Let t be 10/5*(9 + f). Calculate the greatest common factor of t and 112.
16
Suppose -5*b + c = -383, 0 = 4*b - 5*c - 0*c - 319. Calculate the greatest common divisor of 19 and b.
19
Suppose -4 = 7*x - 3*x - 4*q, 3*q = -4*x + 3. Suppose 5*m - 3*s = 345, 15 = -x*s + 3*s. What is the greatest common factor of m and 18?
18
Let d be 0 + 7/(21/102). Calculate the highest common divisor of 136 and d.
34
Let u(z) = 12*z + 1. Let p be u(1). Suppose -4 - 23 = -3*q - 3*i, 2*q = 3*i + p. Let j = 15 - -1. What is the greatest common factor of q and j?
8
Let f be 267/21 - (-10)/35. Suppose 2*p - f = 19. What is the greatest common divisor of 112 and p?
16
Suppose 0 = -4*c + 16, 0*m + 3*m - c - 5 = 0. Suppose w = -i + 3, 3*i - 9 = -3*w + i. Calculate the greatest common divisor of w and m.
3
Let b = 35 + -33. Suppose 5*n + 4 = 24. Suppose -n*l - 14 = x, -3*x - 14 = -8*x + l. Calculate the greatest common divisor of b and x.
2
Let h be 18 - (-2)/(-3)*-6. Calculate the highest common factor of 110 and h.
22
Let z = 42 + -25. What is the highest common factor of z and 17?
17
Suppose -1 + 31 = 5*d. Let y be (-2 + 0)/((-4)/d). Calculate the greatest common factor of y and 33.
3
Let w be (-6)/(-4)*(-4)/(-6). Let o = -10 + 11. Calculate the highest common factor of w and o.
1
Suppose -37 + 7 = -l - o, -l + 4*o + 30 = 0. Let t = -26 - -71. Calculate the greatest common factor of l and t.
15
Let g(f) = 27*f**2 + f + 2. Let h be g(-2). Let p(i) = -i**2 + 12. Let l be p(0). Calculate the greatest common divisor of l and h.
12
Suppose 4*f - 1 = 3*f. Let a = -45 + 50. Calculate the greatest common factor of a and f.
1
Suppose 0 = -3*n - 2*z + 114, -4*n + 31 = -3*n + 3*z. Suppose -4*t + 4 = -20. Suppose -16 = -t*p + 5*p. What is the greatest common factor of p and n?
8
Suppose -4*p = -65 - 47. Calculate the greatest common factor of p and 70.
14
Suppose -o + 3*o = -12. Suppose -4*c + 2*r + 20 = 64, 0 = -c - 3*r - 11. Let a = o - c. What is the greatest common divisor of 55 and a?
5
Suppose -c = -17 - 68. What is the highest common divisor of 34 and c?
17
Suppose 3 = 5*h - 87. What is the highest common factor of h and 27?
9
Let m(r) be the third derivative of r**5/30 - 5*r**4/24 + r**3/3 - r**2. Let n be m(4). Let k = -23 + 58. Calculate the highest common factor of k and n.
7
Suppose 0 = -4*o - 0*r - 4*r + 268, r + 365 = 5*o. Suppose -6 = -0*k - 3*k. Let u = k + 6. What is the greatest common factor of o and u?
8
Let z(y) = 4*y - 3. Let d be z(6). Let n = -121 - -205. What is the highest common factor of d and n?
21
Suppose 3*i - 75 = 5*j, 8*i + 3*j - 125 = 3*i. Calculate the greatest common factor of 25 and i.
25
Suppose -46 + 5 = -g. Suppose -4*j = -7 - g. What is the greatest common factor of j and 30?
6
Let l = -15 - -25. Let j be ((-18)/(-45))/((-2)/(-10)). Calculate the greatest common divisor of j and l.
2
Let j = -53 + 73. Calculate the highest common divisor of j and 10.
10
Let c be ((-14)/4 + 1)*-6. Suppose 10*i = 189 + 1011. What is the highest common divisor of c and i?
15
Suppose -3*x = d - 23, -2*x - 22 = -4*x + d. Let o = 12 - -24. Calculate the greatest common factor of o and x.
9
Let t(p) = 4*p - 1. Let d be t(4). What is the greatest common factor of 10 and d?
5
Let o(j) = -j + 3. Let p be o(3). Suppose p = 3*k - 133 + 37. Calculate the highest common factor of 4 and k.
4
Suppose -8*b - 1 = -17. What is the highest common divisor of b and 16?
2
Let d = 4 + 14. What is the highest common divisor of 198 and d?
18
Let k be 2/7 - 136/(-14). Suppose 0*b - 4*b + g = -160, -5*g = 5*b - 175. Let y = b - 14. Calculate the greatest common divisor of y and k.
5
Suppose -4*a = 2*x - 48, 0 = -2*a - 3 + 9. Calculate the greatest common divisor of x and 3.
3
Let n(b) = -41*b**3 + 1. Suppose 0 = 3*o - 0 + 3. Let k be n(o). What is the highest common divisor of k and 28?
14
Suppose -5 = -c - 2*l, -6*l - 1 = -2*c - l. Let y = 37 + c. Suppose y = -3*u + 8*u. What is the greatest common divisor of u and 72?
8
Suppose 3*z + 0*z - 720 = 0. Suppose 10 = -5*s + z. Suppose 39 = 4*m + l, -4*m - 4*l + s = m. Calculate the greatest common divisor of m and 5.
5
Suppose 5 - 4 = x. Let d be (-2)/8 + 29/4. What is the greatest common factor of d and x?
1
Let v = 0 + 2. Suppose -a - 6 = -2*s, 2*a + 0 = 3*s - 8. Calculate the highest common divisor of v and a.
2
Let v = -19 - -33. Let c be 3/12*(31 + -3). What is the greatest common factor of c and v?
7
Let u = -4 - 7. Let d = u + 32. Let k = -2 + d. What is the greatest common divisor of k and 152?
19
Suppose 3*r = 0, -2*a - 50 = -7*a + 5*r. Let q be 7/(1 + (-18)/20). What is the highest common factor of q and a?
10
Suppose 0 = -t + 20 - 0. What is the greatest common divisor of 5 and t?
5
Suppose -4*n - 4*z = -7*z - 39, 3*n - 5*z - 43 = 0. Suppose s = 30 + n. What is the highest common factor of s and 9?
9
Suppose 155 = g + 4*v, 4*v + 203 = -4*g + 787. What is the greatest common divisor of g and 11?
11
Let w(h) = 2*h + 4. Let u be w(4). What is the highest common factor of 60 and u?
12
Let i = 290 - -282. Suppose -2*u = 2*u - i. Calculate the highest common factor of 13 and u.
13
Let w(d) = -d + 3. Let g be w(0). Suppose g*m = -2*m. Let p be 0 + m + 1*15. Calculate the greatest common divisor of p and 105.
15
Let l be 66/12*((1 - -22) + 3). What is the highest common divisor of 13 and l?
13
Suppose 3*j - j - 6 = 0. Suppose 7*r - 59 = 2*r - j*f, 0 = 5*r - 2*f - 44. What is the highest common divisor of r and 80?
10
Let v be ((-12)/14)/(4/(-56)). What is the greatest common divisor of 4 and v?
4
Let v = 35 + 7. What is the greatest common factor of v and 56?
14
Suppose 2 = 2*k, -3*k = 4*t + k. Let a(u) = -25*u**3 - 2*u**2 - 2*u - 1. Let m be a(t). Calculate the highest common factor of 8 and m.
8
Let h(p) = p**2 + 3*p - 7. Let i be h(-5). Suppose -2*o - o = -2*z + 75, -z + 4*o = -45. What is the highest common factor of i and z?
3
Let g = 32 - 15. What is the highest common factor of 136 and g?
17
Let l be (792/(-60))/((-2)/5). Let n(z) = -z**3 - z + 1. Let o be n(-2). What is the highest common divisor of l and o?
11
Let r = -33 - -88. Let b(h) = -h**2 + 7*h - 5. Let p = 7 + -2. Let l be b(p). Calculate the highest common factor of l and r.
5
Let l(u) = 69*u**2 - u + 1. Let a be l(1). Let j = a + -120. Let p be (j/(-6))/((-2)/(-4)). What is the highest common factor of p and 136?
17
Suppose 11 + 15 = w. Let h(l) = 2*l - 4. Let k be h(-2). Let z = k - -21. What is the greatest common divisor of w and z?
13
Suppose 4*q - 10 = 86. Calculate the highest common factor of 216 and q.
24
Suppose 5*s + 0 - 5 = 0. Let n = 6 - 4. Suppose -g + 2*q + 16 = -q, -g - n*q - 9 = 0. What is the highest common divisor of s and g?
1
Suppose -5*m = -4*m - 10. What is the highest common factor of m and 20?
10
Let w be (1/(250/(-85) + 3))/1. What is the greatest common divisor of 68 and w?
17
Let t be (-83)/(-4) + (-45)/60. Let n(l) = -18*l - 1. Let r be n(-5). Suppose -2*p = r - 209. What is the greatest common factor of p and t?
20
Let l(x) = -x**2 + 8*x - 5. Let i be l(6). Let m be (7/3)/(3/9). What is the highest common divisor of m and i?
7
Let h(u) = -36*u - 4. Let b be h(-3). What is the greatest common divisor of 13 and b?
13
Suppose 20*a - 1057 = 1743. What is the greatest common factor of a and 35?
35
Let o = 36 - 29. Let v(z) = z**3 + 7*z**2 + 3*z - 7. Let g be v(-5). Calculate the highest common factor of g and o.
7
Let s = -3 + 6. Suppose 5*m - 4*c - 1002 = 0, -784 = -s*m + 5*c - 175. What is the highest common divisor of m and 18?
18
Let t(z) be the third derivative of z**4/4 - z**3/3 + 2*z**2. Let j be t(2). What is the hig